{"id":1150,"date":"2023-02-19T23:16:35","date_gmt":"2023-02-19T23:16:35","guid":{"rendered":"https:\/\/espacoambiental.com.br\/?page_id=1150"},"modified":"2024-06-09T21:20:49","modified_gmt":"2024-06-09T21:20:49","slug":"conteudo","status":"publish","type":"page","link":"https:\/\/espacoambiental.com.br\/?page_id=1150","title":{"rendered":"Conte\u00fados"},"content":{"rendered":"\n<div class=\"wp-block-group is-content-justification-left is-nowrap is-layout-flex wp-container-core-group-is-layout-558b13e7 wp-block-group-is-layout-flex\">\n<div class=\"wp-block-columns is-layout-flex wp-container-core-columns-is-layout-9d6595d7 wp-block-columns-is-layout-flex\">\n<div class=\"wp-block-column is-layout-flow wp-block-column-is-layout-flow\" style=\"flex-basis:100%\">\n<div class=\"wp-block-group is-vertical is-layout-flex wp-container-core-group-is-layout-8cf370e7 wp-block-group-is-layout-flex\">\n<div class=\"wp-block-query is-layout-flow wp-block-query-is-layout-flow\"><ul class=\"wp-block-post-template is-layout-flow wp-block-post-template-is-layout-flow\"><li class=\"wp-block-post post-1403 post type-post status-publish format-standard hentry category-uncategorized\">\n<h2 class=\"wp-block-post-title\">Monitoramento de Flora<\/h2>\n\n<div class=\"wp-block-post-date\"><time datetime=\"2024-06-09T21:17:30+00:00\">junho 9, 2024<\/time><\/div>\n\n<div class=\"wp-block-post-excerpt\"><p class=\"wp-block-post-excerpt__excerpt\">A consultoria Espa\u00e7o Ambiental oferece servi\u00e7os especializados de levantamento de flora, essenciais para a conserva\u00e7\u00e3o da biodiversidade e a gest\u00e3o sustent\u00e1vel dos ecossistemas. Realizamos estudos detalhados em diversas \u00e1reas, como projetos de constru\u00e7\u00e3o, reservas naturais e propriedades rurais, identificando e catalogando as esp\u00e9cies vegetais presentes. Nosso trabalho \u00e9 fundamental para avaliar o impacto ambiental, orientar&hellip;<\/p><p class=\"wp-block-post-excerpt__more-text\"><a class=\"wp-block-post-excerpt__more-link\" href=\"https:\/\/espacoambiental.com.br\/?p=1403\"><strong>Saiba mais<\/strong><\/a><\/p><\/div>\n<\/li><li class=\"wp-block-post post-1399 post type-post status-publish format-standard hentry category-uncategorized\">\n<h2 class=\"wp-block-post-title\">Monitoramento de Vaz\u00e3o de Rios<\/h2>\n\n<div class=\"wp-block-post-date\"><time datetime=\"2024-06-09T21:14:21+00:00\">junho 9, 2024<\/time><\/div>\n\n<div class=\"wp-block-post-excerpt\"><p class=\"wp-block-post-excerpt__excerpt\">A consultoria Espa\u00e7o Ambiental oferece servi\u00e7os de monitoramento de vaz\u00e3o de rios, essenciais para a gest\u00e3o sustent\u00e1vel dos recursos h\u00eddricos e a preserva\u00e7\u00e3o dos ecossistemas aqu\u00e1ticos. Realizamos medi\u00e7\u00f5es detalhadas em diversos cursos d&#8217;\u00e1gua, utilizando equipamentos de alta precis\u00e3o para obter dados confi\u00e1veis sobre a vaz\u00e3o e a qualidade da \u00e1gua. Nosso trabalho \u00e9 fundamental para&hellip;<\/p><p class=\"wp-block-post-excerpt__more-text\"><a class=\"wp-block-post-excerpt__more-link\" href=\"https:\/\/espacoambiental.com.br\/?p=1399\"><strong>Saiba mais<\/strong><\/a><\/p><\/div>\n<\/li><li class=\"wp-block-post post-1396 post type-post status-publish format-standard hentry category-uncategorized\">\n<h2 class=\"wp-block-post-title\">Monitoramento de Fauna<\/h2>\n\n<div class=\"wp-block-post-date\"><time datetime=\"2024-06-09T21:12:08+00:00\">junho 9, 2024<\/time><\/div>\n\n<div class=\"wp-block-post-excerpt\"><p class=\"wp-block-post-excerpt__excerpt\">A consultoria Espa\u00e7o Ambiental oferece servi\u00e7os especializados de monitoramento de fauna, essenciais para a preserva\u00e7\u00e3o da biodiversidade e o equil\u00edbrio dos ecossistemas. Realizamos estudos detalhados em diversas \u00e1reas, como obras, reservas naturais e propriedades rurais, identificando e acompanhando as esp\u00e9cies locais. Nosso trabalho \u00e9 crucial para levantar informa\u00e7\u00f5es antes de qualquer constru\u00e7\u00e3o, permitindo avaliar o&hellip;<\/p><p class=\"wp-block-post-excerpt__more-text\"><a class=\"wp-block-post-excerpt__more-link\" href=\"https:\/\/espacoambiental.com.br\/?p=1396\"><strong>Saiba mais<\/strong><\/a><\/p><\/div>\n<\/li><li class=\"wp-block-post post-1391 post type-post status-publish format-standard hentry category-uncategorized\">\n<h2 class=\"wp-block-post-title\">Palestra de Conscientiza\u00e7\u00e3o Ambiental<\/h2>\n\n<div class=\"wp-block-post-date\"><time datetime=\"2024-06-09T21:07:25+00:00\">junho 9, 2024<\/time><\/div>\n\n<div class=\"wp-block-post-excerpt\"><p class=\"wp-block-post-excerpt__excerpt\">A consultoria Espa\u00e7o Ambiental est\u00e1 comprometida em promover a conscientiza\u00e7\u00e3o ambiental em diversos setores da sociedade. Oferecemos palestras din\u00e2micas e informativas que s\u00e3o levadas a diferentes locais, incluindo obras, escolas, empresas e comunidades. Nossas palestras abordam temas essenciais como reciclagem, economia de recursos naturais, sustentabilidade no dia a dia e os impactos das mudan\u00e7as clim\u00e1ticas,&hellip;<\/p><p class=\"wp-block-post-excerpt__more-text\"><a class=\"wp-block-post-excerpt__more-link\" href=\"https:\/\/espacoambiental.com.br\/?p=1391\"><strong>Saiba mais<\/strong><\/a><\/p><\/div>\n<\/li><li class=\"wp-block-post post-1379 post type-post status-publish format-standard hentry category-uncategorized\">\n<h2 class=\"wp-block-post-title\">A Import\u00e2ncia do Monitoramento de Ru\u00eddo Ambiental para uma Conviv\u00eancia Sustent\u00e1vel<\/h2>\n\n<div class=\"wp-block-post-date\"><time datetime=\"2024-03-04T00:04:16+00:00\">mar\u00e7o 4, 2024<\/time><\/div>\n\n<div class=\"wp-block-post-excerpt\"><p class=\"wp-block-post-excerpt__excerpt\">O equil\u00edbrio entre atividades comerciais e a qualidade de vida da vizinhan\u00e7a \u00e9 fundamental para um ambiente urbano saud\u00e1vel. O Impacto do Ru\u00eddo na Qualidade de Vida O ru\u00eddo excessivo proveniente de atividades comerciais, industriais, obras ou mesmo de eventos pode ter um impacto significativo na qualidade de vida da vizinhan\u00e7a. Al\u00e9m de perturbar o&hellip;<\/p><p class=\"wp-block-post-excerpt__more-text\"><a class=\"wp-block-post-excerpt__more-link\" href=\"https:\/\/espacoambiental.com.br\/?p=1379\"><strong>Saiba mais<\/strong><\/a><\/p><\/div>\n<\/li><li class=\"wp-block-post post-1353 post type-post status-publish format-standard hentry category-uncategorized\">\n<h2 class=\"wp-block-post-title\">Consulta de Viabilidade Ambiental para liga\u00e7\u00e3o de energia el\u00e9trica<\/h2>\n\n<div class=\"wp-block-post-date\"><time datetime=\"2024-03-03T23:59:58+00:00\">mar\u00e7o 3, 2024<\/time><\/div>\n\n<div class=\"wp-block-post-excerpt\"><p class=\"wp-block-post-excerpt__excerpt\">Voc\u00ea est\u00e1 planejando uma nova liga\u00e7\u00e3o de energia el\u00e9trica na regi\u00e3o de Palho\u00e7a, S\u00e3o Jos\u00e9 ou Florian\u00f3polis? Sabemos que lidar com os tr\u00e2mites ambientais pode ser uma tarefa complicada. \u00c9 a\u00ed que entra a consultoria Espa\u00e7o Ambiental, oferecendo um servi\u00e7o especializado de Consulta de Viabilidade Ambiental para Autoriza\u00e7\u00e3o de Liga\u00e7\u00e3o de Energia El\u00e9trica. Descomplicando o&hellip;<\/p><p class=\"wp-block-post-excerpt__more-text\"><a class=\"wp-block-post-excerpt__more-link\" href=\"https:\/\/espacoambiental.com.br\/?p=1353\"><strong>Saiba mais<\/strong><\/a><\/p><\/div>\n<\/li><\/ul>\n\n<nav class=\"wp-block-query-pagination is-content-justification-center is-layout-flex wp-container-core-query-pagination-is-layout-16018d1d wp-block-query-pagination-is-layout-flex\" aria-label=\"Pagina\u00e7\u00e3o\">\n\n\n<div class=\"wp-block-query-pagination-numbers\"><span aria-current=\"page\" class=\"page-numbers current\">1<\/span>\n<a class=\"page-numbers\" href=\"?query-24-page=2&#038;rest_route=%2Fwp%2Fv2%2Fpages%2F1150\">2<\/a>\n<a class=\"page-numbers\" href=\"?query-24-page=3&#038;rest_route=%2Fwp%2Fv2%2Fpages%2F1150\">3<\/a>\n<a class=\"page-numbers\" href=\"?query-24-page=4&#038;rest_route=%2Fwp%2Fv2%2Fpages%2F1150\">4<\/a><\/div>\n\n<a href=\"\/index.php?rest_route=%2Fwp%2Fv2%2Fpages%2F1150&#038;query-24-page=2\" class=\"wp-block-query-pagination-next\">Pr\u00f3xima p\u00e1gina<\/a>\n<\/nav>\n\n<\/div>\n<\/div>\n<\/div>\n<\/div>\n<\/div>\n","protected":false},"excerpt":{"rendered":"","protected":false},"author":1,"featured_media":0,"parent":0,"menu_order":0,"comment_status":"closed","ping_status":"closed","template":"","meta":{"_eb_attr":"","om_disable_all_campaigns":false,"_joinchat":[],"footnotes":""},"class_list":["post-1150","page","type-page","status-publish","hentry"],"aioseo_notices":[],"_links":{"self":[{"href":"https:\/\/espacoambiental.com.br\/index.php?rest_route=\/wp\/v2\/pages\/1150","targetHints":{"allow":["GET"]}}],"collection":[{"href":"https:\/\/espacoambiental.com.br\/index.php?rest_route=\/wp\/v2\/pages"}],"about":[{"href":"https:\/\/espacoambiental.com.br\/index.php?rest_route=\/wp\/v2\/types\/page"}],"author":[{"embeddable":true,"href":"https:\/\/espacoambiental.com.br\/index.php?rest_route=\/wp\/v2\/users\/1"}],"replies":[{"embeddable":true,"href":"https:\/\/espacoambiental.com.br\/index.php?rest_route=%2Fwp%2Fv2%2Fcomments&post=1150"}],"version-history":[{"count":30,"href":"https:\/\/espacoambiental.com.br\/index.php?rest_route=\/wp\/v2\/pages\/1150\/revisions"}],"predecessor-version":[{"id":1409,"href":"https:\/\/espacoambiental.com.br\/index.php?rest_route=\/wp\/v2\/pages\/1150\/revisions\/1409"}],"wp:attachment":[{"href":"https:\/\/espacoambiental.com.br\/index.php?rest_route=%2Fwp%2Fv2%2Fmedia&parent=1150"}],"curies":[{"name":"wp","href":"https:\/\/api.w.org\/{rel}","templated":true}]}}